{"id":68,"date":"2019-05-02T18:42:09","date_gmt":"2019-05-02T18:42:09","guid":{"rendered":"http:\/\/jaciararocha.com.br\/?page_id=68"},"modified":"2019-05-02T18:42:09","modified_gmt":"2019-05-02T18:42:09","slug":"blog","status":"publish","type":"page","link":"https:\/\/jaciararocha.com.br.all4.in\/?page_id=68","title":{"rendered":"Blog"},"content":{"rendered":"\t\t<div data-elementor-type=\"wp-post\" data-elementor-id=\"68\" class=\"elementor elementor-68\" data-elementor-settings=\"[]\">\n\t\t\t\t\t\t<div class=\"elementor-inner\">\n\t\t\t\t\t\t\t<div class=\"elementor-section-wrap\">\n\t\t\t\t\t\t\t<section class=\"elementor-section elementor-top-section elementor-element elementor-element-9cdd347 elementor-section-content-middle elementor-section-boxed elementor-section-height-default elementor-section-height-default\" data-id=\"9cdd347\" data-element_type=\"section\">\n\t\t\t\t\t\t<div class=\"elementor-container elementor-column-gap-no\">\n\t\t\t\t\t\t\t<div class=\"elementor-row\">\n\t\t\t\t\t<div class=\"aux-parallax-section elementor-column elementor-col-100 elementor-top-column elementor-element elementor-element-cc7c570\" data-id=\"cc7c570\" data-element_type=\"column\" data-settings=\"{&quot;background_background&quot;:&quot;classic&quot;}\">\n\t\t\t<div class=\"elementor-column-wrap elementor-element-populated\">\n\t\t\t\t\t<div class=\"elementor-background-overlay\"><\/div>\n\t\t\t\t\t\t\t<div class=\"elementor-widget-wrap\">\n\t\t\t\t\t\t<div class=\"elementor-element elementor-element-929c6a4 elementor-hidden-phone elementor-widget elementor-widget-aux_image\" data-id=\"929c6a4\" data-element_type=\"widget\" data-widget_type=\"aux_image.default\">\n\t\t\t\t<div class=\"elementor-widget-container\">\n\t\t\t<section class=\"widget-container aux-widget-image aux-alignnone aux-parent-auce8e5096\" style=\"\" >\n    <div class=\"aux-media-hint-frame \">\n        <div class=\"aux-media-image \" >\n        \n            \n\n            \n            <img loading=\"lazy\" decoding=\"async\" width=\"1417\" height=\"1417\" src=\"data:image\/gif;base64,R0lGODlhAQABAIAAAAAAAP\/\/\/yH5BAEAAAAALAAAAAABAAEAAAIBRAA7\" class=\"aux-attachment aux-featured-image aux-attachment-id-49 aux-preload aux-blank\" alt=\"demo-attachment-69-circle\" data-ratio=\"1\" data-original-w=\"1418\" sizes=\"auto\" data-srcset=\"https:\/\/jaciararocha.com.br.all4.in\/wp-content\/uploads\/2019\/04\/circle-150x150.png 150w,https:\/\/jaciararocha.com.br.all4.in\/wp-content\/uploads\/2019\/04\/circle-300x300.png 300w,https:\/\/jaciararocha.com.br.all4.in\/wp-content\/uploads\/2019\/04\/circle-768x768.png 768w,https:\/\/jaciararocha.com.br.all4.in\/wp-content\/uploads\/2019\/04\/circle-1024x1024.png 1024w,https:\/\/jaciararocha.com.br.all4.in\/wp-content\/uploads\/2019\/04\/circle-1417x1417.png 1417w\" data-src=\"https:\/\/jaciararocha.com.br.all4.in\/wp-content\/uploads\/2019\/04\/circle-1417x1417.png\" \/>            \n                <\/div>\n    <\/div>\n\n<\/section><!-- widget-container -->\t\t<\/div>\n\t\t\t\t<\/div>\n\t\t\t\t<div class=\"elementor-element elementor-element-a43a93e aux-appear-watch-animation aux-fade-in-up elementor-widget__width-auto elementor-widget elementor-widget-heading\" data-id=\"a43a93e\" data-element_type=\"widget\" data-widget_type=\"heading.default\">\n\t\t\t\t<div class=\"elementor-widget-container\">\n\t\t\t<h5 class=\"elementor-heading-title elementor-size-default\">BLOG<\/h5>\t\t<\/div>\n\t\t\t\t<\/div>\n\t\t\t\t<div class=\"elementor-element elementor-element-5420287 elementor-widget__width-auto elementor-widget elementor-widget-aux_modern_heading\" data-id=\"5420287\" data-element_type=\"widget\" data-widget_type=\"aux_modern_heading.default\">\n\t\t\t\t<div class=\"elementor-widget-container\">\n\t\t\t<section class=\"aux-widget-modern-heading\">\n            <div class=\"aux-widget-inner\"><h5 class=\"aux-modern-heading-primary\">Learn Something More From Our Latest News<\/h5><\/div>\n        <\/section>\t\t<\/div>\n\t\t\t\t<\/div>\n\t\t\t\t<div class=\"elementor-element elementor-element-b7e1a48 aux-appear-watch-animation aux-fade-in elementor-widget elementor-widget-text-editor\" data-id=\"b7e1a48\" data-element_type=\"widget\" data-widget_type=\"text-editor.default\">\n\t\t\t\t<div class=\"elementor-widget-container\">\n\t\t\t\t\t\t\t\t<div class=\"elementor-text-editor elementor-clearfix\">\n\t\t\t\t\t<p>and the breath of that universal love which bears and sustains us, as it floats around us in an eternity of bliss .and then my friend, when darkness overspreads .\u00a0<\/p>\t\t\t\t\t<\/div>\n\t\t\t\t\t\t<\/div>\n\t\t\t\t<\/div>\n\t\t\t\t<div class=\"elementor-element elementor-element-bbd3f8b elementor-widget elementor-widget-aux_recent_posts\" data-id=\"bbd3f8b\" data-element_type=\"widget\" data-settings=\"{&quot;columns&quot;:&quot;3&quot;,&quot;columns_tablet&quot;:&quot;inherit&quot;,&quot;columns_mobile&quot;:&quot;1&quot;}\" data-widget_type=\"aux_recent_posts.default\">\n\t\t\t\t<div class=\"elementor-widget-container\">\n\t\t\t<section class=\"widget-container aux-widget-recent-posts aux-parent-au13a28d62\" style=\"\" ><div data-element-id=\"au13a28d62\" class=\"aux-match-height aux-row aux-de-col3 aux-tb-col3 aux-mb-col1 aux-total-3 aux-ajax-view  \" ><div class=\"aux-col post-145\">\n                        <article class=\"post column-entry no-media post-145 type-post status-publish format-standard hentry category-uncategorized\">\n                            \n                            <div class=\"entry-main\">\n                                                                                        \n                                <div class=\"entry-info\">\n                                                                    <div class=\"entry-date\">\n                                        <a href=\"https:\/\/jaciararocha.com.br.all4.in\/?p=145\">\n                                            <time datetime=\"2021-03-23T02:44:35+00:00\" title=\"2021-03-23T02:44:35+00:00\" >March 23, 2021<\/time>\n                                        <\/a>\n                                    <\/div>\n                                                                                                    <span class=\"entry-meta-sep meta-sep\">by<\/span>\n                                    <span class=\"author vcard\">\n                                        <a href=\"https:\/\/jaciararocha.com.br.all4.in\/?author=1\" rel=\"author\" title=\"View all posts by oda\" >\n                                            oda                                        <\/a>\n                                    <\/span>\n                                                                                                                                                                        <\/div>\n                            \n                                <header class=\"entry-header\">\n                                \n                                    <h4 class=\"entry-title\">\n                                        <a href=\"https:\/\/jaciararocha.com.br.all4.in\/?p=145\">\n                                            O regime jur\u00eddico dos contratos administrativos \u00e9 permeado de uma s\u00e9rie de prerrogativas e princ\u00edpios que visam                                        <\/a>\n                                    <\/h4>\n                                                                    <div class=\"entry-format\">\n                                        <a href=\"https:\/\/jaciararocha.com.br.all4.in\/?p=145\">\n                                            <div class=\"post-format format-\"> <\/div>\n                                        <\/a>\n                                    <\/div>\n                                <\/header>\n                            \n                                                                                        <footer class=\"entry-meta aux-after-content\">\n                                                                        <div class=\"readmore\">\n                                        <a href=\"https:\/\/jaciararocha.com.br.all4.in\/?p=145\" class=\"aux-read-more\"><span class=\"aux-read-more-text\">Read More<\/span><\/a>\n                                    <\/div>\n                                                                        <div class=\"comments-iconic\">\n                                                                            <\/div>\n                                                                    <\/footer>\n                            \n                            <\/div>\n\n                        <\/article>\n<\/div><div class=\"aux-col post-143\">\n                        <article class=\"post column-entry no-media post-143 type-post status-publish format-standard hentry category-uncategorized\">\n                            \n                            <div class=\"entry-main\">\n                                                                                        \n                                <div class=\"entry-info\">\n                                                                    <div class=\"entry-date\">\n                                        <a href=\"https:\/\/jaciararocha.com.br.all4.in\/?p=143\">\n                                            <time datetime=\"2021-03-23T02:43:01+00:00\" title=\"2021-03-23T02:43:01+00:00\" >March 23, 2021<\/time>\n                                        <\/a>\n                                    <\/div>\n                                                                                                    <span class=\"entry-meta-sep meta-sep\">by<\/span>\n                                    <span class=\"author vcard\">\n                                        <a href=\"https:\/\/jaciararocha.com.br.all4.in\/?author=1\" rel=\"author\" title=\"View all posts by oda\" >\n                                            oda                                        <\/a>\n                                    <\/span>\n                                                                                                                                                                        <\/div>\n                            \n                                <header class=\"entry-header\">\n                                \n                                    <h4 class=\"entry-title\">\n                                        <a href=\"https:\/\/jaciararocha.com.br.all4.in\/?p=143\">\n                                            A teoria dos Leil\u00f5es ganhadora do Nobel de Economia de 2020                                        <\/a>\n                                    <\/h4>\n                                                                    <div class=\"entry-format\">\n                                        <a href=\"https:\/\/jaciararocha.com.br.all4.in\/?p=143\">\n                                            <div class=\"post-format format-\"> <\/div>\n                                        <\/a>\n                                    <\/div>\n                                <\/header>\n                            \n                                                                                        <footer class=\"entry-meta aux-after-content\">\n                                                                        <div class=\"readmore\">\n                                        <a href=\"https:\/\/jaciararocha.com.br.all4.in\/?p=143\" class=\"aux-read-more\"><span class=\"aux-read-more-text\">Read More<\/span><\/a>\n                                    <\/div>\n                                                                        <div class=\"comments-iconic\">\n                                                                            <\/div>\n                                                                    <\/footer>\n                            \n                            <\/div>\n\n                        <\/article>\n<\/div><div class=\"aux-col post-140\">\n                        <article class=\"post column-entry no-media post-140 type-post status-publish format-standard hentry category-uncategorized\">\n                            \n                            <div class=\"entry-main\">\n                                                                                        \n                                <div class=\"entry-info\">\n                                                                    <div class=\"entry-date\">\n                                        <a href=\"https:\/\/jaciararocha.com.br.all4.in\/?p=140\">\n                                            <time datetime=\"2021-03-23T02:41:22+00:00\" title=\"2021-03-23T02:41:22+00:00\" >March 23, 2021<\/time>\n                                        <\/a>\n                                    <\/div>\n                                                                                                    <span class=\"entry-meta-sep meta-sep\">by<\/span>\n                                    <span class=\"author vcard\">\n                                        <a href=\"https:\/\/jaciararocha.com.br.all4.in\/?author=1\" rel=\"author\" title=\"View all posts by oda\" >\n                                            oda                                        <\/a>\n                                    <\/span>\n                                                                                                                                                                        <\/div>\n                            \n                                <header class=\"entry-header\">\n                                \n                                    <h4 class=\"entry-title\">\n                                        <a href=\"https:\/\/jaciararocha.com.br.all4.in\/?p=140\">\n                                            O instituto da arbitragem                                        <\/a>\n                                    <\/h4>\n                                                                    <div class=\"entry-format\">\n                                        <a href=\"https:\/\/jaciararocha.com.br.all4.in\/?p=140\">\n                                            <div class=\"post-format format-\"> <\/div>\n                                        <\/a>\n                                    <\/div>\n                                <\/header>\n                            \n                                                                                        <footer class=\"entry-meta aux-after-content\">\n                                                                        <div class=\"readmore\">\n                                        <a href=\"https:\/\/jaciararocha.com.br.all4.in\/?p=140\" class=\"aux-read-more\"><span class=\"aux-read-more-text\">Read More<\/span><\/a>\n                                    <\/div>\n                                                                        <div class=\"comments-iconic\">\n                                                                            <\/div>\n                                                                    <\/footer>\n                            \n                            <\/div>\n\n                        <\/article>\n<\/div><\/div><\/section><!-- widget-container -->\t\t<\/div>\n\t\t\t\t<\/div>\n\t\t\t\t\t\t<\/div>\n\t\t\t\t\t<\/div>\n\t\t<\/div>\n\t\t\t\t\t\t\t\t<\/div>\n\t\t\t\t\t<\/div>\n\t\t<\/section>\n\t\t\t\t\t\t<\/div>\n\t\t\t\t\t\t<\/div>\n\t\t\t\t\t<\/div>\n\t\t","protected":false},"excerpt":{"rendered":"<p>BLOG Learn Something More From Our Latest News and the breath of that universal love which bears and sustains us, as it floats around us in an eternity of bliss .and then my friend, when darkness overspreads .\u00a0 May 3, 2019 by Paul | Edit What we are capable of usually gets discovered. Read More [&hellip;]<\/p>\n","protected":false},"author":1,"featured_media":0,"parent":0,"menu_order":0,"comment_status":"closed","ping_status":"closed","template":"templates\/page-builder-content.php","meta":{"footnotes":""},"class_list":["post-68","page","type-page","status-publish","hentry"],"_links":{"self":[{"href":"https:\/\/jaciararocha.com.br.all4.in\/index.php?rest_route=\/wp\/v2\/pages\/68","targetHints":{"allow":["GET"]}}],"collection":[{"href":"https:\/\/jaciararocha.com.br.all4.in\/index.php?rest_route=\/wp\/v2\/pages"}],"about":[{"href":"https:\/\/jaciararocha.com.br.all4.in\/index.php?rest_route=\/wp\/v2\/types\/page"}],"author":[{"embeddable":true,"href":"https:\/\/jaciararocha.com.br.all4.in\/index.php?rest_route=\/wp\/v2\/users\/1"}],"replies":[{"embeddable":true,"href":"https:\/\/jaciararocha.com.br.all4.in\/index.php?rest_route=%2Fwp%2Fv2%2Fcomments&post=68"}],"version-history":[{"count":0,"href":"https:\/\/jaciararocha.com.br.all4.in\/index.php?rest_route=\/wp\/v2\/pages\/68\/revisions"}],"wp:attachment":[{"href":"https:\/\/jaciararocha.com.br.all4.in\/index.php?rest_route=%2Fwp%2Fv2%2Fmedia&parent=68"}],"curies":[{"name":"wp","href":"https:\/\/api.w.org\/{rel}","templated":true}]}}